s**3 + 2*s**2 - 2*s + 1. Let z be n(1). Let p = z + 2. What is the remainder when p is divided by ((-1)/(-2))/((-1)/(-8))?
2
Let x = -265 + 385. Suppose -4*y - 3*l + 5*l = -222, -x = -2*y + 4*l. Calculate the remainder when y is divided by 19.
16
Let r(d) = -d**3 + 8*d**2 - 1. Let z be r(8). Let j = z + 1. Suppose -4*n + 4 = -2*l - 0, j = 2*l - 3*n + 2. What is the remainder when 3 is divided by l?
1
Suppose -182 = -2*z - 4*t, -3*z - 3*t = -4*z + 66. Calculate the remainder when z is divided by 21.
18
Let z be 54/(-15) + 2/(-5). What is the remainder when 6/z - 130/(-4) is divided by 330/21 + (-4)/(-14)?
15
Let y(m) = -m + 14. What is the remainder when 22 is divided by y(9)?
2
Let k(l) = l**3 - 6*l**2 - 4*l - 8. Calculate the remainder when 36 is divided by k(7).
10
Let z = -21 + 36. Calculate the remainder when z is divided by 8*1 + (-1 - -1).
7
Let x = 1 - -1. Let l = -11 - -21. Let n = l + -7. What is the remainder when n is divided by x?
1
Let b be (-120)/(-9)*9*4/(-8). Let t be -2 + (-2 - -4) + 4. What is the remainder when 22 is divided by b/(-8) - (-2)/t?
6
Suppose -v = 94 - 105. Calculate the remainder when 21 is divided by v.
10
Suppose 12 = 5*p + 2*l - 13, -5 = -5*p + 2*l. Calculate the remainder when 5 is divided by p.
2
Suppose -3*q + 6 = 5*k, 4*k - 8 - 13 = 3*q. Suppose 155 = k*d + 6*h - 4*h, 2*d + 2*h = 104. What is the remainder when d is divided by 18?
15
Let z be 21*(2 + 5/(-3)). Let x = z + -3. Calculate the remainder when 18 is divided by x.
2
Let f(y) = -y**2 - 7*y - 2. Suppose -40 = -8*z - 16. Calculate the remainder when f(-6) is divided by z.
1
Suppose 3*i = 5*l - 74 - 53, -5*i - 2*l - 160 = 0. Let d = 58 + i. What is the remainder when 47 is divided by d?
23
What is the remainder when 22 is divided by 26*3*(-3)/(-18)?
9
Let f(d) = 65*d**2 + 2*d - 1. Let p be f(1). Let m = -37 + p. Calculate the remainder when m is divided by ((-45)/(-12))/((-2)/(-8)).
14
Let g = -19 + 16. What is the remainder when 5 is divided by (15 + -13)/((-2)/g)?
2
Let c(y) = y**3 + 6*y**2 - y - 6. Let v(n) = -n + 3. Let i be v(8). What is the remainder when c(i) is divided by 13?
11
Suppose -3*r - 7 + 50 = 2*b, 4*r + 8 = 2*b. What is the remainder when b is divided by 4?
2
Suppose 11*a = 13*a - 58. What is the remainder when a is divided by 6?
5
Let m(b) be the first derivative of b**5/60 + b**3/2 - b**2 - 1. Let d(s) be the second derivative of m(s). Calculate the remainder when 56 is divided by d(-4).
18
Calculate the remainder when -3*(260/(-15) + 4) is divided by 14.
12
Suppose -22 = -4*u + 6. Suppose 0*p = 2*p + 5*o - 44, 2*o + 139 = 5*p. What is the remainder when p is divided by u?
6
Let u be (-10)/(-15) - 241/(-3). Suppose u = 5*v - 144. What is the remainder when v is divided by 12?
9
Let l = 33 - 13. Let d(u) = 2*u**2 - 8*u - 5. Let y(a) = a**2 - 3*a - 2. Let t(m) = -3*d(m) + 8*y(m). What is the remainder when l is divided by t(-2)?
6
Calculate the remainder when 4116/114 + -3*(-2)/(-57) is divided by 13.
10
Suppose -m + 0*r - 3*r - 5 = 0, 4*m - 31 = 5*r. Suppose 2*d - 11 = 1. Let q = d - m. Calculate the remainder when q is divided by 1.
0
Suppose -3*z + 7 - 1 = 0. Let c = 112 + -65. What is the remainder when c is divided by 8/3*9/z?
11
Suppose u = 3, -4*q + 0*u + 3*u = -67. What is the remainder when 36 is divided by q?
17
Suppose 3*z + 8 = -z, 3*z + 18 = 3*s. Calculate the remainder when 11 is divided by s.
3
Let k be -82 - (-1 - 0/(-1)). Let j be 4 - k - 1*-1. Let u = j + -31. What is the remainder when u is divided by 19?
17
Let q be (1/3)/(12/612). Let y = q - 4. Calculate the remainder when y is divided by 4.
1
Suppose 8 = -6*z + 2*z. What is the remainder when 46 is divided by 4/4 + 13 + z?
10
What is the remainder when 83 is divided by 18 - (4 - -5)/(-3)?
20
Suppose 40 = m + m. Let h = 38 - m. What is the remainder when 53 is divided by h?
17
Suppose 0 = -13*i + 12*i + 10. Calculate the remainder when i is divided by (-25)/(-4) - (-3)/(-12).
4
Let y(r) = r**3 + 12*r**2 + 12*r + 11. Let g be y(-11). Let x = g - -11. Calculate the remainder when 20 is divided by x.
9
Suppose 2*g + 11 = 157. Calculate the remainder when g is divided by 26.
21
Calculate the remainder when (4 + -1 + -4)/(1/(-4)) is divided by 3.
1
Let f(i) = i**3 + 3*i**2 + i + 4. Let h be f(-4). What is the remainder when (h/(-6))/(4/12) is divided by 5?
3
Suppose -150 - 220 = -10*i. What is the remainder when 73 is divided by i?
36
Suppose 116 + 175 = 3*y. What is the remainder when y is divided by 20?
17
Let g be (-20)/(-16) + (-2)/8. Suppose 3*b + 3 = k, 2*k - g = 5*b + 8. Suppose y = 3*y - k. Calculate the remainder when 10 is divided by y.
4
Let h = 71 + -40. What is the remainder when (276/(-15))/((-36)/(-20) - 2) is divided by h?
30
Suppose 3*w = -d + 7, 0 = -2*d - 2*w - 2*w + 16. Let q(v) = v - 11. Let j be q(d). What is the remainder when 410/50 - j/(-5) is divided by 5?
3
Suppose 2*x - 2*r + 0*r - 46 = 0, 4*x - 3*r - 93 = 0. What is the remainder when x is divided by 5?
4
Let m(u) = u**3 - u**2 + 15. Let t be m(0). Let h = -54 - -98. Calculate the remainder when h is divided by t - (0 - -2 - 2).
14
What is the remainder when (-2450)/(-24) - 15/180 is divided by 35?
32
Let j(g) = g**2 - g. Let n(h) = -8*h**2 + 9*h - 3. Let l(o) = -6*j(o) - n(o). Suppose 3*q - q = 24. What is the remainder when l(4) is divided by q?
11
What is the remainder when 3570/50 - (-2)/(-5) is divided by 18?
17
Suppose 3*o + 2*q - 42 = 0, -o + 20 = 5*q - 7. Suppose -5*v - 2*p + 120 = 3*p, 0 = -5*v + p + 114. What is the remainder when v is divided by o?
11
Let x be (0 + 0)/(-3 + 1). Suppose x = 5*g + 4*u - 191, 2*g + u - 62 = 3*u. Calculate the remainder when g is divided by 17 + (2 - (1 + 0)).
17
Let q(h) be the second derivative of -h**4/12 - 2*h**3 + 13*h**2/2 - 3*h. What is the remainder when q(-10) is divided by 9?
6
Let q = 64 - 7. Suppose -11 = -f - 3*l, 0 = -4*f + 5*l + q + 55. Calculate the remainder when 43 is divided by f.
20
Let q(z) = 84*z - 3. Let d be q(2). Suppose 3*o = -3*w + d, -w - 138 = -3*w + 5*o. Calculate the remainder when w is divided by 15.
14
Let a(r) = 2*r - 8. Let h(l) = l**3 - 5*l**2 + l + 2. Let j be h(5). Suppose 3*w - 45 = -2*w. What is the remainder when w is divided by a(j)?
3
Let x = 53 + 47. Suppose -2*a = -4*s + 3*a + x, -40 = -s + 5*a. What is the remainder when 59 is divided by s?
19
Suppose -o + 6 - 4 = 0. Suppose 0 = -o*a - 6 + 2. Calculate the remainder when -26*(a + (-3)/(-2)) is divided by 5.
3
Let x(y) = -y**3 + 3*y**2 - 4. Let b be x(2). Suppose v + 3*d = 36, -3*v + 8*v - 2*d - 95 = b. What is the remainder when 81 is divided by v?
18
Let c(p) = 2*p**2 + 12*p + 15. Calculate the remainder when c(-7) is divided by 20.
9
Let c = 172 + -95. Let n(y) = y**3 - 3*y**2 - 6*y. Calculate the remainder when c is divided by n(5).
17
Let n(j) be the second derivative of j**5/20 - 5*j**4/6 + j**3/2 - 7*j**2 + 9*j. Let v = 94 + -63. Calculate the remainder when v is divided by n(10).
15
Suppose -c + 3 = -0. Let h(i) be the third derivative of -i**6/120 - i**5/12 + 5*i**4/24 - i**3/6 - 2*i**2. What is the remainder when h(-6) is divided by c?
2
Let q(f) = 3*f**2 + 4*f - 19. Calculate the remainder when 45 is divided by q(3).
5
Calculate the remainder when 83 is divided by (-520)/(-24) + 4/(-6).
20
Suppose -6*m + 4*m + 4 = 0. Suppose -3*d + 342 = 4*n, 182 = m*n - 0*d - 4*d. Calculate the remainder when n is divided by 22.
21
Let s(x) = -x**2 - 4*x + 5. Let l be s(-4). Suppose 2*j = -k + 11, -2*k + l*k - 2*j = 73. Calculate the remainder when k is divided by 6.
3
Calculate the remainder when 1 - -17 - (5 - 4) is divided by 3.
2
Let c(z) = -3*z**3 + 3*z**2 + z + 1. Let g(s) = -s**3 + 2*s**2 + 1. Let t(p) = 2*c(p) - 5*g(p). What is the remainder when 23 is divided by t(-5)?
11
Let b(j) = -j**2 + 40. Suppose -2*m = -m + 12. What is the remainder when b(0) is divided by m/(-9)*(-84)/(-8)?
12
Let f be 4/(-3)*(-19 - -1). Suppose -3*j + 2*o = 3*o - f, 3*j - 4*o = 9. Calculate the remainder when j is divided by 4.
3
Let s(d) = -d**2 - 6*d - 2. Let o be s(-5). Suppose -92 = -p - o*p. Suppose 8*l = -0 + 64. Calculate the remainder when p is divided by l.
7
Let q = -1 - -3. Suppose -z + 33 = q*z. Suppose -4*o - 10 = -94. Calculate the remainder when o is div